{"id":546,"date":"2014-08-21T22:18:25","date_gmt":"2014-08-21T20:18:25","guid":{"rendered":"http:\/\/jesenik.casd.cz\/?page_id=546"},"modified":"2014-08-21T22:41:53","modified_gmt":"2014-08-21T20:41:53","slug":"kdo-jsme","status":"publish","type":"page","link":"https:\/\/jesenik.casd.cz\/?page_id=546","title":{"rendered":"Kdo jsme?"},"content":{"rendered":"<p>Jsme k\u0159es\u0165an\u00e9, spole\u010denstv\u00ed v\u011b\u0159\u00edc\u00edch lid\u00ed, kter\u00e9 spojuje radost z pozn\u00e1v\u00e1n\u00ed Boha a vz\u00e1jemn\u00e9ho spole\u010denstv\u00ed. Jak Boha pozn\u00e1v\u00e1me? Jde to v\u016fbec? Ano jde. Krok za krokem se o n\u011bm dozv\u00edd\u00e1me z Bible. S Bohem se setk\u00e1v\u00e1me nejenom na spole\u010dn\u00fdch Bohoslu\u017eb\u00e1ch, ale tak\u00e9 na modlitebn\u00edch skupink\u00e1ch a v soukrom\u00fdch modlitb\u00e1ch.\u00a0Bereme jej v\u00e1\u017en\u011b a u\u010d\u00edme se spol\u00e9hat na jeho slovo.<\/p>\n<p>C\u00edrkev adventist\u016f sedm\u00e9ho dne m\u00e1 na Jesenicku sv\u00e9 tradice. C\u00edt\u00edme se v\u0161ak b\u00fdt otev\u0159en\u00fdm spole\u010denstv\u00edm, kter\u00e9 m\u016f\u017ee nav\u0161t\u00edvit ka\u017ed\u00fd, kdo chce Boha pozn\u00e1vat a uct\u00edvat.<\/p>\n","protected":false},"excerpt":{"rendered":"<p>Jsme k\u0159es\u0165an\u00e9, spole\u010denstv\u00ed v\u011b\u0159\u00edc\u00edch lid\u00ed, kter\u00e9 spojuje radost z pozn\u00e1v\u00e1n\u00ed Boha a vz\u00e1jemn\u00e9ho spole\u010denstv\u00ed. Jak Boha pozn\u00e1v\u00e1me? Jde to v\u016fbec? Ano jde. Krok za krokem se o n\u011bm dozv\u00edd\u00e1me z Bible. S Bohem se setk\u00e1v\u00e1me nejenom na spole\u010dn\u00fdch Bohoslu\u017eb\u00e1ch, ale &hellip; <a href=\"https:\/\/jesenik.casd.cz\/?page_id=546\">Cel\u00fd p\u0159\u00edsp\u011bvek <span class=\"meta-nav\">&rarr;<\/span><\/a><\/p>\n","protected":false},"author":1,"featured_media":0,"parent":0,"menu_order":2,"comment_status":"open","ping_status":"open","template":"","meta":{"ngg_post_thumbnail":0,"footnotes":""},"class_list":["post-546","page","type-page","status-publish","hentry"],"_links":{"self":[{"href":"https:\/\/jesenik.casd.cz\/index.php?rest_route=\/wp\/v2\/pages\/546","targetHints":{"allow":["GET"]}}],"collection":[{"href":"https:\/\/jesenik.casd.cz\/index.php?rest_route=\/wp\/v2\/pages"}],"about":[{"href":"https:\/\/jesenik.casd.cz\/index.php?rest_route=\/wp\/v2\/types\/page"}],"author":[{"embeddable":true,"href":"https:\/\/jesenik.casd.cz\/index.php?rest_route=\/wp\/v2\/users\/1"}],"replies":[{"embeddable":true,"href":"https:\/\/jesenik.casd.cz\/index.php?rest_route=%2Fwp%2Fv2%2Fcomments&post=546"}],"version-history":[{"count":4,"href":"https:\/\/jesenik.casd.cz\/index.php?rest_route=\/wp\/v2\/pages\/546\/revisions"}],"predecessor-version":[{"id":553,"href":"https:\/\/jesenik.casd.cz\/index.php?rest_route=\/wp\/v2\/pages\/546\/revisions\/553"}],"wp:attachment":[{"href":"https:\/\/jesenik.casd.cz\/index.php?rest_route=%2Fwp%2Fv2%2Fmedia&parent=546"}],"curies":[{"name":"wp","href":"https:\/\/api.w.org\/{rel}","templated":true}]}}

<p>Jsme křesťané, společenství věřících lidí, které spojuje radost z poznávání Boha a vzájemného společenství. Jak Boha poznáváme? Jde to vůbec? Ano jde. Krok za krokem se o něm dozvídáme z Bible. S Bohem se setkáváme nejenom na společných Bohoslužbách, ale také na modlitebních skupinkách a v soukromých modlitbách. Bereme jej vážně a učíme se spoléhat na jeho slovo.</p>
<p>Církev adventistů sedmého dne má na Jesenicku své tradice. Cítíme se však být otevřeným společenstvím, které může navštívit každý, kdo chce Boha poznávat a uctívat.</p>

<p>Jsme křesťané, společenství věřících lidí, které spojuje radost z poznávání Boha a vzájemného společenství. Jak Boha poznáváme? Jde to vůbec? Ano jde. Krok za krokem se o něm dozvídáme z Bible. S Bohem se setkáváme nejenom na společných Bohoslužbách, ale &hellip; <a href="https://jesenik.casd.cz/?page_id=546">Celý příspěvek <span class="meta-nav">&rarr;</span></a></p>
